et r(c) = 36*c**3 + c - 2. Suppose -5*a = 3*n - 2*n + 4, 3*a + 2 = -n. Let u be a/(-2) + 2/4. What is the remainder when 69 is divided by r(u)?
34
Suppose 2*n = -l - 2, 9*n - 11*n = 5*l - 6. Calculate the remainder when 52 is divided by l.
0
Let o(p) = 2*p**2 + 7*p - 2. Let w be o(-4). Suppose 21 = b + 3*y, -5*b + 9 = w*y - 70. Let r(s) = -s + 4. Calculate the remainder when b is divided by r(-5).
6
Let o = 31 + 39. Suppose 4*f - 4 - o = v, 0 = -3*f + 5*v + 64. What is the remainder when f is divided by (2 - 1)/(5/25)?
3
Suppose -2*g = -2*n + 168 + 86, -4*g + 12 = 0. Calculate the remainder when n is divided by 22.
20
Let o(m) = -m**3 + 5*m**2 + 8*m + 9. What is the remainder when (-1 + (-46)/4)*112/(-35) is divided by o(6)?
19
Let g(q) = 3*q**3 - q**2 + 2*q + 4. Suppose 2*a + 5*n = 6*a - 22, 0 = -a + 2*n + 7. What is the remainder when g(a) is divided by 14?
12
Let n(o) = o**2 + 6*o + 4. Let r be -1*(-2)/(-6)*9. What is the remainder when (-2)/4*4*r is divided by n(-6)?
2
Suppose 5*w - 90 = 3*t, -4*w = -11*t + 14*t - 45. Suppose 3*d + 22 = n, d + 3*n + 2*n = -2. Let j = d + 50. What is the remainder when j is divided by w?
13
Let h(y) = -y**2 + 5*y + 7. Let v be h(5). Let d(n) = n**3 - 9*n**2 + 8*n + 8. Let o be d(v). Let f = -20 - o. Calculate the remainder when 54 is divided by f.
12
Suppose 40 = m + 15. Suppose -88 = -5*c + c. Suppose -5*a - g = -c - 46, -g = -a + 10. Calculate the remainder when m is divided by a.
12
Let x(m) = m + 3. Suppose -30*f - 37*f + 70*f - 60 = 0. What is the remainder when f is divided by x(9)?
8
Let k be 82/(-6)*(-2)/(10/15). What is the remainder when 153 is divided by (-4)/(-12) - k/(-3)?
13
Calculate the remainder when 9 is divided by (679/(-194))/((-1)/2*1).
2
Let h = 125 + -74. Let i = 20 + h. Calculate the remainder when i is divided by 18.
17
Suppose 260 = 11*a - 7*a. What is the remainder when a is divided by 19?
8
What is the remainder when ((-1)/(-1))/((-46)/(-506)) is divided by 8?
3
Suppose 39*a + 1898 = 11609. What is the remainder when a is divided by 9?
6
Let m(j) = -31 + 55 - j**3 - 2*j + j**2 + 0*j**2 - 11. What is the remainder when 27 is divided by m(0)?
1
Let y be 10/(-15) + 314/3. Suppose g - y = -g. What is the remainder when g is divided by 11?
8
Calculate the remainder when 44 is divided by (11 + 440/(-30))*-6.
0
Let s = 8 + -7. Let b = 11 + s. Suppose -2*p + 83 = -f, 0 = -4*f - 0*f + b. What is the remainder when p is divided by 11?
10
Suppose -r + 159 = 8*i - 4*i, -2*r + 118 = 3*i. Let n = 530 + -516. Calculate the remainder when i is divided by n.
12
Let n(p) = -19*p + 7*p - 16*p + 41 - 2. Calculate the remainder when n(-5) is divided by 30.
29
Let v = 171 - 90. Calculate the remainder when v is divided by 23.
12
Suppose -300 = -6*u + 192. Calculate the remainder when 176 is divided by u.
12
Suppose -2*s = 2*s - 5*q - 101, 3*q = -3*s + 69. Let b = 64 - s. Suppose 4*l - g = 54, -4*g = -3*l - 3*g + b. Calculate the remainder when 55 is divided by l.
13
Let t(y) = 22*y - 665. What is the remainder when 792 is divided by t(33)?
60
Let n be (-428)/(-6) + (-10)/(-15). Let f = 142 - n. Suppose -4*w + 10 = -f. Calculate the remainder when 59 is divided by w.
19
Let w = 257 + 120. What is the remainder when w is divided by 63?
62
Suppose 7*t - 31 - 151 = 0. Calculate the remainder when t is divided by 11.
4
Suppose 60*q + 264 = 54*q. Let i = -35 - q. What is the remainder when 97 is divided by i?
7
Let v = 110 - 98. Calculate the remainder when v is divided by 7.
5
Let a(l) = l**3 - 39*l**2 + 3*l - 94. Calculate the remainder when 297 is divided by a(39).
21
Calculate the remainder when 12/(-3)*(-17)/(-34) + 820 is divided by 41.
39
Calculate the remainder when ((-194)/18)/((-43)/387) is divided by 45.
7
Let i(j) = j**3 + 15*j**2 + 42*j - 13. What is the remainder when 543 is divided by i(-11)?
3
Let i = -197 - -51. Let v = 160 + i. Calculate the remainder when 51 is divided by v.
9
Let s(g) = 912*g**2 + 26*g + 1. Calculate the remainder when s(1) is divided by 63.
57
Suppose -4*s + 41 = o, 16 + 232 = 4*o - 5*s. Calculate the remainder when o is divided by 21.
15
Suppose 4*q - 64 = -0. Suppose 4*y + 9 = -h, 4*h + y - q = -2*y. Suppose 4*g = 3*k + 56, 3*g = -4*k - 0*k + 17. Calculate the remainder when g is divided by h.
4
Suppose 3*k + 2*k - 490 = 0. Suppose 10*v + k = 12*v. What is the remainder when 21 is divided by 84/v*14/4?
3
Suppose -5*f = -x - 10, -x = -3519*f + 3517*f + 1. What is the remainder when 18*(5/3 + -1) is divided by x?
2
Let w(n) = 54*n + 4. What is the remainder when w(1) is divided by 8/10 - 21/(-5)?
3
Let d(t) = 303*t - 10. What is the remainder when d(1) is divided by 25?
18
Let q(a) = -a**2 + 8*a + 10. Let p be q(7). Suppose -l + 0*l + r = -p, -4*l + 2*r = -66. What is the remainder when l is divided by 6?
4
Let g(p) = p**2 + 1. Let f be g(1). Let i(t) = -4*t**f + 6*t - 3*t + t**3 + 3*t. Calculate the remainder when i(5) is divided by 19.
17
Suppose 4*h - 764 = g, -2*h + g - 86 = -470. What is the remainder when h is divided by 30?
10
Let k(a) = 10*a + 2. Let m(w) = w + 1. Let u(r) = k(r) - 4*m(r). What is the remainder when -2 - 8*-1*112/32 is divided by u(2)?
6
Let p(a) = 7*a**2 + a + 25. Let d be p(10). Suppose 0 = -7*i - 8*i + d. Calculate the remainder when 144 is divided by i.
46
Suppose 0 = 10*r - 234 - 566. What is the remainder when 162 is divided by r?
2
Suppose 325 = 25*k - 50. Calculate the remainder when 93 is divided by k.
3
Let l(q) = 2*q**2 - 4*q + 7. Calculate the remainder when 145 is divided by l(-3).
34
Let z(k) = k**3 + 3*k**2 - 3*k - 4. Let d be z(-3). Suppose 4*c + 4*b + 15 = -d, 10 = -c - 2*b. What is the remainder when 3 is divided by (c - -1) + 0/4?
0
Let z = 15 + -12. Suppose 0*l - 9 = -z*l. Suppose 4*o - 23 = 5*q, -l*q + 1 = -2*o + 2*q. Calculate the remainder when 22 is divided by o.
10
Suppose 0 = -51*c + 6*c + 1080. Calculate the remainder when c is divided by 28*1*(-3)/(-6).
10
Suppose 0*q = -2*q + 22. Let b(k) = -6*k**2 - 37*k + 3. Calculate the remainder when b(-5) is divided by q.
5
Suppose -17*v + 1728 = -227. Calculate the remainder when v is divided by 33.
16
Let f = 53 - 50. Let v = 10 + -6. What is the remainder when 28/v + (0 - 0) is divided by f?
1
Let n(c) = 3*c**3 - 2*c**2 + c - 2. Let t(g) = -g**3 - g**2 - 1. Let v = 12 + -11. Let p(a) = v*n(a) - 2*t(a). What is the remainder when p(2) is divided by 15?
12
What is the remainder when (-3)/6 + 2154/12 is divided by 10?
9
Let r(s) = s**3 + 18*s**2 + 11*s - 59. Calculate the remainder when 146 is divided by r(-17).
17
Let w = -142 + 214. Let s = -69 + w. What is the remainder when 20 is divided by s?
2
Let i(w) = 9*w**3 - 2*w**2 + 1. Let p be i(1). Suppose -4*q = -15*q + 176. Suppose 0 = 6*d - p - q. Calculate the remainder when d is divided by 3.
1
Let a(q) = q**2 + 3. What is the remainder when 25 - -48 - (-1 + 3)*-1 is divided by a(-4)?
18
Suppose 0 = -5*g + 8 + 12. Let u = 55 - g. What is the remainder when u is divided by 26?
25
Let q(t) = -t**2 + 22. Let a be q(0). Let s = -11 + a. Suppose s*i - 13*i + 54 = 0. Calculate the remainder when i is divided by 14.
13
Let y(d) = -2*d - 88. Let v(p) = -p - 59. Let q(t) = 7*v(t) - 5*y(t). What is the remainder when 44 is divided by q(-4)?
14
Suppose 10*p = 9*p + 4. Suppose -3*g + 49 = -p*l, 0 = -g - 2*g + 2*l + 59. Let n = 16 - 7. What is the remainder when g is divided by n?
5
Let y = 1473 - 1459. What is the remainder when 491 is divided by y?
1
Suppose -9*u + 255 + 42 = 0. What is the remainder when 63 is divided by u?
30
Suppose -4*p + 12 = -4. Suppose 2*w + 4 = p*w. Suppose -2*d = -2*a + 6 + 90, 3*d - 86 = -w*a. What is the remainder when a is divided by 16?
14
Let d = -373 + 378. What is the remainder when 35 is divided by d?
0
Let j = 332 + -290. Calculate the remainder when j is divided by 2.
0
Let p = 132 - 87. Suppose -f = -2 - 3. What is the remainder when p is divided by ((-24)/f)/(6/(-20))?
13
Let u be (-135)/25 - (24/15 - 1). What is the remainder when (-44)/(-2) + (0 - (u + 5)) is divided by 5?
3
Let h(d) = -d**2 - 10*d - 23. Let g be h(-10). Let l = 30 + g. What is the remainder when 8 is divided by l?
1
Let d(v) be the first derivative of v**4/4 - 11*v**3/3 + v**2 - 16*v - 1. Let z = -42 - -53. Calculate the rem